+ 4*f + 10 = 0. Let h = d + z. What is the units digit of h?
4
Let j(k) = -k**3 - 6*k**2 + 2. Let g be j(-6). Let m = 2 + g. What is the units digit of (m/(-6))/((-2)/18)?
6
Let x be -5*(0 + (-22)/5). What is the units digit of 12/(-30) - x/(-5)?
4
Suppose -7*c - 858 = -2*c + 2*v, -4*v = 3*c + 512. Let d be c/(-8) - (-3)/(-2). Suppose -4*r + 5*q + 28 = -3*r, -d = 4*q. What is the units digit of r?
3
Suppose 546 - 69 = 3*v. What is the tens digit of v?
5
Suppose -5*i = -3*v + 49, 0 = -2*v - 0*i - i + 50. What is the units digit of v?
3
Let q be (-143)/(-5) + (-6)/(-15). Suppose q = -y + 2*y. What is the tens digit of y?
2
Suppose i - 120 = -4*i. Suppose i = 2*y - 18. What is the tens digit of y?
2
Suppose -4*v - 2*i + 202 = -0*v, 2*i = 3*v - 155. Suppose -3*o + 3*z = -6*o + v, -5*o + 97 = -z. What is the units digit of o?
9
Suppose a - 48 - 59 = 5*n, -11 = n + 5*a. Suppose -z + 0*k + 3 = -4*k, 0 = -4*z - 4*k - 68. Let h = z - n. What is the units digit of h?
8
Let j = -1 + 7. Let t = j + 1. What is the units digit of t?
7
Suppose -2*a - 2 - 4 = 0. Let q(o) = o + 4. Let g be q(a). What is the units digit of g/(-2)*-3*4?
6
Suppose -5*c - 22 = -z, -3*c - 10 = 5*z + 2*c. Suppose 0 = 2*a + 6 + z, o + 3*a + 9 = 0. Suppose -2 + 5 = o*k. What is the units digit of k?
1
Suppose 0*q - 9*q + 765 = 0. What is the units digit of q?
5
Let u = 366 + -29. What is the hundreds digit of u?
3
Let h = 5 + -5. Suppose 2*a = -h*a + 14. What is the units digit of a?
7
Suppose 33 = 3*w - 0*w. Suppose 5*f = -2*b + w, 12 = -3*f + 7*f. What is the units digit of (-1 - b)/((-2)/(-14))?
7
Let g be (-6)/(-3) - (-3)/3. Suppose 5*i - 105 = -q - g*q, 0 = 3*q - 5*i - 35. What is the units digit of q?
0
What is the units digit of ((-2)/4)/((-2)/52)?
3
Let z be (-2)/(-8) + 52/(-16). What is the units digit of 4 + z + 6 + 1?
8
Suppose 4*r = -3 + 27. Let y = 9 - r. What is the units digit of 12/9*y/1?
4
Let v(t) = t**2 + t - 10. Let z = -1 + 1. Let y be v(z). Let b = y - -11. What is the units digit of b?
1
Suppose 2*u + 6*t - 2*t - 20 = 0, -60 = -3*u + 4*t. Suppose -2*a + 20 = 3*x, -2*a + 5*x + 4 = u. What is the units digit of a?
4
Let x be (-6 - -4)/((-2)/10). Let p = -7 + x. Suppose p*m - 4 = m. What is the units digit of m?
2
Let r(o) = -o**3 + 9*o**2 - 8*o. Let x be r(8). Suppose 3*j - 2 - 43 = x. What is the units digit of j?
5
Suppose -2*p - 28 = -3*r, 52 = -r + 4*r + 4*p. Suppose 2*j + 3*h = r, h + 33 - 13 = 2*j. What is the units digit of j?
9
Let g be -2*21/(-3) + 2. Let j = g + -11. Suppose 14 = j*x - 3*x. What is the units digit of x?
7
Let b(m) = m**3 + 9*m**2 - 9*m + 1. What is the units digit of b(-9)?
2
Let x(t) = t**2 - 7*t - 8. Let p be x(8). What is the units digit of 3 - (2 - (1 - p))?
2
Let u(x) = 14*x - 5. What is the units digit of u(1)?
9
Suppose -5*o = -5*k - 10, -27 = -4*k - 0*o - 3*o. Let t = 5 - k. What is the units digit of t?
2
Suppose -34 = -3*b + b. Suppose 5 - b = -2*w. What is the units digit of w?
6
Suppose -6*z - 429 + 129 = 0. Let d = z + 96. What is the tens digit of d?
4
Suppose 0 = -3*c + 15, -32 = -i - 2*c + 50. What is the units digit of i?
2
Let d = -78 - -113. Suppose -2 = 3*j - d. What is the tens digit of j?
1
Let z(q) = 32*q**3 + 2*q**2 - 1. Let x be z(1). What is the tens digit of 3*1 + x + -1?
3
Suppose 0 = -k + 4*k - y - 12, -5*k + 40 = 5*y. What is the units digit of k?
5
Let j = 42 + 108. What is the units digit of j?
0
Let m be (3/(4 + -1))/1. Suppose m = -2*d + 3*d. What is the units digit of 6/3 - (-2)/d?
4
Let z be -1 + 2 - (-76)/4. Suppose -3*n = n - z. Suppose 0*l + a - 11 = -n*l, -20 = -4*l + 2*a. What is the units digit of l?
3
Suppose -2*z + z - p = -33, 0 = -z + p + 41. What is the units digit of z?
7
Suppose 0 = -d - 2*d + 3*q + 18, -q = d - 2. Suppose -3*c + d*h = -h - 82, 3*c - 4*h = 83. What is the tens digit of c?
2
What is the tens digit of -2 - (-1 - (15 + -1))?
1
Suppose g = -4, 4*y + g - 2 = 14. Suppose -4 = -y*q + 41. What is the units digit of q?
9
Let z = 19 + -17. Let x = 5 - 13. What is the tens digit of z/8 - 102/x?
1
Suppose -2*d + 90 = -5*k - 5*d, 5*d = -5*k - 100. Let v = k + 19. What is the units digit of v?
4
Let o = -3 - -5. Suppose -h - o*m + 18 = h, 3*m - 43 = -5*h. Suppose h = -c + 5*u, -4*c + 30 = 3*u - 30. What is the units digit of c?
2
Let k(h) = h**2 - 2*h - 1. Let c be k(3). Let g = c - -1. What is the units digit of g?
3
Suppose -j - 3*j = -256. Suppose 3*o - j = -2*c, -6*c - 2*o = -2*c - 128. What is the tens digit of c?
3
Suppose 4*g - 7 = 9. Suppose -5*s = -4*b + 3 - 22, -3*s + 5 = -g*b. What is the units digit of s?
7
Let p be 51/(-5) - (-1)/5. Let k = p - -38. What is the tens digit of k?
2
Let f(b) = 4 - b - 5 + 3*b**2 - 18*b**3 - 2*b**2. What is the tens digit of f(-1)?
1
Suppose -4*f = m + m - 16, -4*f = 3*m - 16. What is the units digit of (3/(-2))/((-2)/f)?
3
Suppose 5*v = 3*v - 5*r, 6 = -3*r. Suppose -3*s = -26 + v. What is the units digit of s?
7
Let w(t) = -2*t - 8. Let k be w(-7). Suppose 4*i - 3*i = -4*c + 2, 3*i = -k. What is the units digit of c?
1
Suppose -5*s = 3*y - 0*y - 128, 2*y = 4*s + 78. What is the units digit of y?
1
Suppose -2*n - 3*n + 25 = 0, -3*s - 25 = -5*n. Let k(y) = y**2 + 7*y + 5. Let j be k(-7). Suppose l - 14 + j = s. What is the units digit of l?
9
Let b = 368 - 220. What is the tens digit of b?
4
Suppose 5*h + 25 = -0. Let w be 3*(-2 - 7/(-3)). What is the units digit of (7/h)/(w/(-5))?
7
Suppose 4*c + 2*l - 1 = -17, 4 = -2*c - 3*l. Let q(p) = -4*p + 3. What is the units digit of q(c)?
3
What is the units digit of (-68)/(-3 - (0 - 1))?
4
Let r = -7 - -5. Let o be 1/r + (-340)/(-8). Suppose 2*g = -5*a + 7*g + 75, -2*g = 4*a - o. What is the tens digit of a?
1
Suppose -160 = 2*f - 6*f. What is the tens digit of f?
4
Suppose -4*m + 21 = -5*r + 4, 3*r = -2*m + 3. Let g be (1*-3)/6*-66. What is the tens digit of g/3 + 2 + r?
1
What is the units digit of 1 + -2 + (-86 + 2)/(-1)?
3
Let c = -15 - -27. Suppose 0 = p - o - c, -3*p + 35 = -4*o - 6. What is the units digit of p?
7
Let m be ((-7)/14)/((-2)/(-4)). Let y = 0 - m. What is the units digit of y?
1
Suppose -3*j = -j - 42. Let q = j + -8. What is the tens digit of q?
1
Let u = -3 - -3. Suppose -2*o + 5*o = u. Suppose o - 8 = -2*z. What is the units digit of z?
4
Suppose -2*j = -0*j + 80. What is the units digit of 2/3 + j/(-12)?
4
Let q(c) = c**2 + 4*c + 29. What is the hundreds digit of q(-20)?
3
What is the units digit of (-1638)/(-45) - (-2)/(-5)?
6
What is the units digit of (-144)/(-4) + 2 + -1?
7
Suppose -2*k - 10 = -0*k. Let h(l) = 4*l - 4 - 4*l - l. What is the units digit of h(k)?
1
Let t(z) = -6*z + z**2 - 2*z + 0*z + 0*z**2 + 7. Let b be t(7). Suppose 6*w - 7 = 4*w + p, 5*w + 3*p - 12 = b. What is the units digit of w?
3
Suppose -2*r = -0*r. Suppose -2*l + 4 + 0 = r. Suppose -l*j + 8 = -0*j. What is the units digit of j?
4
Suppose -16 = 5*o + 2*b, 0 = -0*b + b + 3. Let j be (o + (-51)/(-12))*4. Suppose 4*v + 47 = 3*h, 0 = 2*h - 4*v - 21 - j. What is the tens digit of h?
1
Let n be (3 - 1) + (-3 - -3). Let o(i) = i**2 + i - 1. Let p be o(n). Suppose -3*g - 3*x = -2*x - 46, p*g = 2*x + 73. What is the tens digit of g?
1
Let t = -26 + 11. What is the units digit of 3/(-6) - t/2?
7
Suppose 0*v - 6 = -3*v. Suppose o - 6 = -v*o. What is the units digit of o?
2
What is the units digit of 12/(-36) + 20/6?
3
Let r(h) = 2*h + 4. Let c be r(-8). What is the units digit of 2*(-3)/9*c?
8
Suppose 3*u - 12 = -0*u. Suppose 5*o - 137 = -u*b, -6*o - 2*b + 25 = -5*o. What is the tens digit of o?
2
Let l = 71 + -42. What is the units digit of l?
9
Let c(z) = 4 - 11*z + 4 + 10*z. What is the units digit of c(-6)?
4
Let c be 22/(-4) - 1/2. What is the units digit of c/39 - (-424)/52?
8
Let u be (-2)/6 + 1888/12. Suppose 3*c = -46 + u. What is the tens digit of c?
3
What is the tens digit of -3 + 60/18 - (-185)/3?
6
Let n = -7 + 14. Let x = -5 + n. Suppose -o + x*k - 3 = -22, -k = 5. What is the units digit of o?
9
What is the units digit of ((-54)/4)/((-6)/12)?
7
Suppose -5*n = -2*n + 2*x - 8, -6 = -2*n - 2*x. Let y(i) = i - n*i + 2*i. What is the units digit of y(5)?
5
Let d = -78 - -137. What is the units digit of d?
9
Let l be 6/9*(-18)/(-4). Let y be 3/(4 - 9/l). Suppose -y*c + 12 = -18. What is the units